 (156/(-30))/(1 + 7/k). What is the greatest common divisor of 26 and t?
13
Suppose -58 = -k - 25. Let j be (-154)/k*18/(-4). Suppose 28*c - 528 = 60. Calculate the highest common divisor of j and c.
21
Let v(i) = 27*i - 60. Suppose 30*s = 32*s + r - 7, 2*s - 9 = r. Let t be v(s). Calculate the greatest common divisor of t and 72.
24
Suppose -49*t + 20816 + 7492 = -5992. What is the highest common factor of t and 600?
100
Let j be (-1342 - -467)/(1/(-1)). What is the highest common divisor of j and 245?
35
Let c be 2/10 + (-686)/(-70). Let n = 2 + 33. What is the highest common divisor of n and c?
5
Let g be (12/18)/(3/765). Let c be ((1 - -4) + -3)*2 + g. What is the highest common divisor of 6 and c?
6
Suppose -87*a = 3*v - 91*a - 534, -4*v - a + 712 = 0. What is the highest common factor of 4005 and v?
89
Suppose 2*x - 35 = -2*p - 261, 5*p = 2*x + 226. Let v = 178 + x. What is the highest common factor of v and 260?
65
Let b = 349 + -167. Let m(z) = -z**2 + 7*z + 8. Let j be m(8). Suppose j = 13*t - 12*t - b. What is the highest common divisor of t and 26?
26
Suppose -4*k + 15340 = 2*j, -2*k + 4*j + 5310 = -2390. Calculate the highest common divisor of k and 4444.
202
Let z = -10172 + 10196. Suppose 0 = -b + 142 + 194. What is the highest common factor of z and b?
24
Suppose 838*z - 1227 = 836*z + 3*r, 1262 = 2*z + 2*r. Calculate the greatest common divisor of 585 and z.
39
Let z be (288/60)/((-16)/(-40)). What is the greatest common divisor of z and 69?
3
Let g(p) = 13*p - 2. Let a be g(-2). Suppose 8*n = 233 - 969. Let s = a - n. Calculate the highest common divisor of 16 and s.
16
Let v = 9 - 3. Let q(l) be the second derivative of 2*l**3/3 - 9*l**2 - 3*l - 14. Let k be q(v). What is the greatest common factor of 6 and k?
6
Suppose 11*o + 26*o - 49776 = 21*o. What is the greatest common factor of 51 and o?
51
Let b be (-14667)/27 + (-12)/(-54). Let p = 568 + b. Calculate the highest common divisor of p and 925.
25
Suppose b = 4*h - 20, -7*h = -245 + 189. Let l be (-2236)/(-6) + (-4)/6. Calculate the greatest common divisor of l and b.
12
Let f(a) = -3*a + 20. Let l(m) = 6*m + 12 + 15*m - 93 - 9*m. Let n(j) = -9*f(j) - 2*l(j). Let t be n(18). Calculate the greatest common factor of 18 and t.
18
Suppose -4*d + 150 + 98 = 0. Suppose -55*u = -51*u + y - 122, -3*u + 3*y + 99 = 0. What is the highest common factor of u and d?
31
Let s be 7 + ((-1)/(-3) - (-944900)/75). What is the highest common divisor of 191 and s?
191
Suppose 0 = -6*c + 2*c - 3*v + 24, 5*c + 3*v - 30 = 0. Suppose -c*u + 68 = -2*u. Let s be 8/12 + 22*69/18. Calculate the greatest common divisor of u and s.
17
Suppose 0 = -3*q + 2*t + 3*t + 174, -5*q + 290 = -5*t. Let m = -21 + q. Calculate the highest common factor of 111 and m.
37
Suppose 5*m - 9 - 52 = -q, m - 9 = 3*q. Suppose 4*i = -2*w - 1 - 3, -5*i - 5 = 4*w. Let b = m - w. Calculate the highest common factor of b and 60.
12
Let t(f) = 50*f + 1196. Let l be t(-23). Calculate the greatest common divisor of 9016 and l.
46
Suppose -37*q + 1462 = -758. Let t(n) = 4*n + 6. Let d be t(-5). Let j be (-35)/5*48/d. What is the greatest common divisor of q and j?
12
Let f(g) = g**3 - 7*g**2 - g - 70. Let z be f(8). Let x be 1/z - (-673)/14. What is the greatest common factor of 168 and x?
24
Let d(m) = 3*m**2 - 19*m - 10. Let a be d(10). Suppose -2 + 0 = 2*h. Let c be h*(3 + -2 - a). Calculate the highest common factor of 11 and c.
11
Suppose 20 = w + 2. Let u be (5 - 6)*(-1)/(-1). Let i(c) = -147*c - 21. Let o be i(u). What is the highest common divisor of o and w?
18
Let c = -91 - -134. Let n = c + -42. Let m be 68 + -62 - (n + 0 - -2). What is the greatest common factor of 6 and m?
3
Suppose -3*n = -2*q + 9, 24*q + 58 = 28*q + 2*n. Calculate the greatest common factor of 402 and q.
6
Let a be -5 + (-52)/(-7) - 9/21. Suppose 3*x = -n + 40, -16*x + 14*x = -a*n - 16. What is the highest common divisor of 15 and x?
3
Let k = 8702 - 7961. What is the greatest common factor of k and 429?
39
Let r = -20396 + 20558. Calculate the highest common divisor of r and 1926.
18
Let x be -5*(-1 + 1/(-5)). Let p be -10 - -13 - -3*(1 + -2). Suppose p = 16*v + 1076 - 2612. Calculate the highest common factor of v and x.
6
Let g be (-1 - -1)*((-81)/18)/9. Suppose -5*k + 13*k - 152 = g. What is the greatest common factor of 133 and k?
19
Let s = 292 + -289. Suppose s*w - 4*v - 1932 = 0, -5*w + 25*v - 21*v + 3212 = 0. What is the highest common factor of w and 10?
10
Suppose 2579*w + 4655 = 2614*w. Calculate the greatest common divisor of 608 and w.
19
Let d(y) = y**2 + y**2 - 26*y - 3*y**2 + 28*y - 35 + 2*y**2. Let g be d(7). Let p = 15 + 55. What is the greatest common divisor of p and g?
14
Let q be (48/10)/((-6)/(-555)). Let c = 599 - q. Calculate the greatest common divisor of 5 and c.
5
Suppose -4338 = 19*y - 18341. What is the highest common factor of y and 22?
11
Let n(l) be the third derivative of 41*l**6/120 + l**5/60 - l**4/2 + 5*l**3/3 + 28*l**2. Let v be n(1). What is the greatest common divisor of 8 and v?
8
Suppose y = 6*g - 10*g - 4, 2*y + 2 = -5*g. Let n = g - -127. Calculate the greatest common divisor of 25 and n.
25
Suppose -3*f + 6*d - d = -3313, 0 = 3*f + 5*d - 3323. Calculate the highest common divisor of 70 and f.
14
Let t be ((-4)/12)/((-6)/(-252)). Let f(o) = 0*o**3 - o**3 - 7 - 8*o - 9*o - 15*o**2 - 7. Let w be f(t). Calculate the greatest common divisor of w and 140.
28
Let l(d) = -38*d + 6. Let o(t) = -17*t + 152. Let n be o(9). Let x be l(n). What is the highest common divisor of x and 32?
4
Let c = 15 + 3. Suppose 17*v - c*v + 48 = 0. Let l be (2 - (5 - 1))*-6. What is the greatest common factor of l and v?
12
Let t be (-13565)/(-20) - 9/(-12). Let w = t - 662. What is the highest common factor of 68 and w?
17
Suppose -105 = -4*s + 9*q, 217 = 5*s - 33*q + 34*q. What is the highest common divisor of 44562 and s?
42
Suppose 0 = 67*y - 59*y - 7440. Let z = 1270 - y. Calculate the greatest common factor of z and 60.
20
Let v = 200 + -263. Let k = -49 - v. Calculate the greatest common factor of 175 and k.
7
Suppose -5*t - 2*h = -6*h - 405, -62 = -t - 3*h. Suppose t = -4*c - 51. Let p = c + 108. Calculate the greatest common divisor of p and 190.
38
Suppose -509 = -2*y + 5*m + 198, 28 = -4*m. Calculate the highest common factor of y and 150.
6
Let h(x) = 19*x - 4. Suppose -2*y + 16 = 2*y. Let v be h(y). Let q = 5758 - 5710. What is the highest common divisor of q and v?
24
Suppose 18*s - 3*s = -20*s + 6020. What is the highest common divisor of 301 and s?
43
Suppose 6*s = 577 - 787. Let n(l) = 5*l + 195. Let v be n(s). What is the greatest common factor of 140 and v?
20
Let i be (200 + -20)/(-45) + 7*2. Suppose -3*a - 725 = -j, 3*j = 4*a + 246 + 1904. Calculate the greatest common divisor of j and i.
10
Suppose 5*g - 4*y = 22, 159*g - 154*g - 36 = 2*y. Calculate the highest common factor of 17410 and g.
10
Let c(q) = 0*q**3 - 6*q**3 + 20 + 18*q**2 + 7*q**3 + 17*q. Let o be c(-17). Calculate the highest common divisor of o and 100.
20
Let j = 8509 + -8362. Calculate the highest common divisor of j and 1225.
49
Let s be 5 + (-8 - -3)/5. Suppose 1 + s = l. Suppose -u - 2*f = -31, l*u + 2*f + f - 120 = 0. Calculate the highest common divisor of 3 and u.
3
Let w = 17 + -13. Let i be ((-15)/((-600)/(-64)))/(w/(-10)). Suppose 0*z = -i*z + 84. What is the highest common divisor of z and 7?
7
Suppose 0 = -2*t + 62 + 70. Let b(u) = -18*u + 2. Let s be b(0). Let w(z) = 6*z**2 - 4*z + 6. Let j be w(s). Calculate the greatest common factor of t and j.
22
Suppose 0 = -2359*j + 2375*j - 656. Calculate the greatest common factor of j and 287.
41
Let a = -1370 - -1380. Suppose -s - 28 = -2*s. Let g be -1 + -2 + (s - 0). Calculate the highest common factor of g and a.
5
Let i(g) = g**2 - 13*g + 44. Let a = -175 - -187. Let p be i(a). What is the greatest common factor of 4 and p?
4
Suppose 6 = -2*x, 15 = -0*n + n - 4*x. Suppose -7 = -5*q + n. Suppose q*g = 4*v - 1272, -4*g + 327 = v - 0*v. Calculate the greatest common divisor of 29 and v.
29
Suppose 0*a = 5*a + 4*s - 191, 0 = -4*a - 2*s + 148. Calculate the highest common divisor of a and 175.
35
Let t(m) = m**3 - 12*m**2 + 11*m - 12. Let x be t(15). Suppose -6*w = 3*w - x. Let y = w +